+ 201022?
-20000
In base 13, what is 96cb - 89a7?
a24
In base 8, what is -501 + 62660?
62157
In base 10, what is 14202121 - -7?
14202128
In base 16, what is bdf3 - 64?
bd8f
In base 5, what is -20212323 + 110?
-20212213
In base 5, what is -240 - 12231020?
-12231310
In base 2, what is -110010111101010100000 + -100110?
-110010111101011000110
In base 6, what is 215355445 + -14?
215355431
In base 15, what is 4aa95 + -8b9?
4a1cb
In base 6, what is -40 - 440421502?
-440421542
In base 9, what is -6 - 72468675?
-72468682
In base 15, what is -52877c - -5?
-528777
In base 10, what is -2264787 + -19?
-2264806
In base 3, what is -12212201202212 - -1001?
-12212201201211
In base 6, what is -5433 - -1205215?
1155342
In base 2, what is 11110 - 1100010100010101100011100?
-1100010100010101011111110
In base 2, what is -10101000001001 + -1110111110?
-10110111000111
In base 8, what is 6 + 773757?
773765
In base 16, what is 50e8c - 1b?
50e71
In base 3, what is 1202202222201110 - 110?
1202202222201000
In base 11, what is 8 + 6813452?
681345a
In base 15, what is -5 + 45068e?
450689
In base 2, what is 10011100101100010111011100 - 0?
10011100101100010111011100
In base 6, what is 412 + -2021305?
-2020453
In base 7, what is 1130 - -12652?
14112
In base 13, what is -154 - -4ccc?
4b78
In base 2, what is -1101010 + -101101100100000?
-101101110001010
In base 10, what is -30944 - -6482?
-24462
In base 8, what is 37413002 - -2?
37413004
In base 7, what is -55 - -1252266?
1252211
In base 16, what is -89b4 + -a7?
-8a5b
In base 12, what is -5 - 11780812?
-11780817
In base 12, what is 33b024 - -3?
33b027
In base 7, what is -546026016 + -26?
-546026045
In base 5, what is 2010 + -2103424?
-2101414
In base 4, what is 202013 + -3333112?
-3131033
In base 15, what is -6 - -386e14?
386e0d
In base 14, what is 38b4b + 765?
394b2
In base 11, what is -4 - 3402316?
-340231a
In base 3, what is 122 - -222001111012000?
222001111012122
In base 11, what is 4 + 62579376?
6257937a
In base 3, what is 12102122101 + 101101?
12110000202
In base 13, what is a - -50b929?
50b936
In base 7, what is 623 + -3325460?
-3324534
In base 9, what is 205760050 - 5?
205760044
In base 14, what is -c - 1b93648?
-1b93656
In base 13, what is -736a9443 - 5?
-736a9448
In base 6, what is 11354203 - -11?
11354214
In base 7, what is 445 - 636303?
-635525
In base 6, what is -451423024233 - -4?
-451423024225
In base 11, what is 9 - -361146a?
3611478
In base 15, what is -d4 - 87b0?
-8894
In base 8, what is 433541 - -1726?
435467
In base 2, what is -110000010100010011111010 - -100?
-110000010100010011110110
In base 14, what is -a62d3a + -1?
-a62d3b
In base 15, what is -2b + 1e917?
1e8db
In base 16, what is 4 + 21331b?
21331f
In base 8, what is 0 + 241262?
241262
In base 15, what is 58 - 222d?
-21c5
In base 7, what is 1 - -12440332141?
12440332142
In base 10, what is 5 - 5931277?
-5931272
In base 13, what is 467a70 + -5?
467a68
In base 14, what is 1bd373 + -15?
1bd35c
In base 2, what is 1101110011110111100 - -1011010?
1101110100000010110
In base 7, what is 260 + 551606?
552166
In base 7, what is 4536 + -3020?
1516
In base 9, what is 408215 - -174?
408400
In base 8, what is -36370 - 7771?
-46361
In base 11, what is -14a8118 + 5?
-14a8113
In base 13, what is bab30 + 5a?
bab8a
In base 13, what is -2969 - -73?
-28c6
In base 14, what is 68d4a51 + 5?
68d4a56
In base 15, what is -23371 + 101?
-23270
In base 14, what is -234 - -207cb4?
207a80
In base 10, what is 7471709 - -5?
7471714
In base 9, what is 5188874085 - 1?
5188874084
In base 14, what is 2a9cbc + -3?
2a9cb9
In base 16, what is 2 + 118f51b?
118f51d
In base 10, what is 9215 + -1058?
8157
In base 13, what is 3 - 111221?
-11121b
In base 8, what is -23 + -10264172?
-10264215
In base 6, what is -10 - 4211554240?
-4211554250
In base 10, what is -46818986 + 4?
-46818982
In base 14, what is -18b - -2bd217?
2bd06a
In base 4, what is -121212331111 - 10?
-121212331121
In base 14, what is 68559 - -a?
68565
In base 13, what is 10 + 287879?
287889
In base 11, what is -378 - 37044?
-37411
In base 5, what is -1203110110201 + 4?
-1203110110142
In base 13, what is -90c + a582?
9973
In base 3, what is -22122021 - 21120000?
-121012021
In base 4, what is 332032103 - -2003?
332100112
In base 13, what is 0 - -2a3010b2?
2a3010b2
In base 13, what is -2598 - 1176?
-3741
In base 11, what is 2839 - 486?
2363
In base 7, what is 1010 + -436615?
-435605
In base 15, what is -ae544 - -70d?
-add36
In base 15, what is -2 + -26a057d?
-26a0580
In base 10, what is 1175889906 - 1?
1175889905
In base 7, what is -3 + 264261050?
264261044
In base 12, what is 5b8 - 676?
-7a
In base 2, what is -101 - 11000000100100100011?
-11000000100100101000
In base 10, what is 349468 + 1461?
350929
In base 13, what is -4906 - 1c02?
-6808
In base 4, what is -101001313213333 + 3?
-101001313213330
In base 10, what is 2 - -749375?
749377
In base 15, what is 5e467 - -2e?
5e496
In base 10, what is 3 + 50914323?
50914326
In base 2, what is 1111101 - 1101000100110100110?
-1101000100100101001
In base 9, what is 67571842 - 3?
67571838
In base 2, what is -110 - 100100100000110110?
-100100100000111100
In base 13, what is 2 - 9c11a5?
-9c11a3
In base 3, what is 21120220210 - 20221110?
21022222100
In base 10, what is -5 + -84332742?
-84332747
In base 10, what is -2723229 - 8?
-2723237
In base 15, what is -d7 + 12c?
45
In base 5, what is -20422222320 - -4?
-20422222311
In base 5, what is 1140011102 - -2?
1140011104
In base 13, what is -18 + 6351a?
63502
In base 16, what is -5 + -b31eb0?
-b31eb5
In base 6, what is 13210 - 410200?
-352550
In base 2, what is -10100000100 - 100001100101010?
-100100000101110
In base 11, what is -213a10 - -99?
-213922
In base 12, what is -a32 - 6b01?
-7933
In base 11, what is -3106 - 134133?
-137239
In base 15, what is -d - 26ac8a?
-26ac98
In base 12, what is -419520b46 + 4?
-419520b42
In base 10, what is -5458 - -1120?
-4338
In base 11, what is -2956525 + 0?
-2956525
In base 7, what is 55452 - -40513?
126265
In base 9, what is -423260 - -88?
-423161
In base 5, what is -4021 - -10244111?
10240040
In base 13, what is 26c5 - -2009?
4701
In base 13, what is 2228179 + -4?
2228175
In base 16, what is -1748 - -1ede?
796
In base 5, what is 441140 - -40232?
1031422
In base 6, what is -315123505043 + 1?
-315123505042
In base 8, what is -6347013 + 16?
-6346775
In base 2, what is -1010000011001100 - 10010001100?
-1010010101011000
In base 12, what is 1933 + -4165?
-2432
In base 2, what is -10110110110110000001 + -111?
-10110110110110001000
In base 16, what is 24 + -1cf147?
-1cf123
In base 9, what is -1885548 - 634?
-1886283
In base 4, what is 10022233111033 - -20?
10022233111113
In base 11, what is 4 - -4275745?
4275749
In base 2, what is -10000 + -101000111111000000?
-101000111111010000
In base 7, what is 55531 - 15050?
40451
In base 5, what is -2000443033 + -4?
-2000443042
In base 16, what is 1215d5 + c1?
121696
In base 9, what is -26311572 - 2?
-26311574
In base 10, what is -540 + 1324?
784
In base 16, what is 998 - -10e8?
1a80
In base 16, what is 16eeaf9 + 3?
16eeafc
In base 13, what is 4 - -47418ba?
47418c1
In base 15, what is 856c4d + -1?
856c4c
In base 7, what is 614303 + -1?
614302
In base 5, what is -434344324 - -23?
-434344301
In base 6, what is 211054 + 123?
211221
In base 10, what is -51 + -1815572?
-1815623
In base 5, what is -34013311 - 40000?
-34103311
In base 4, what is 3000032322 - -1?
3000032323
In base 8, what is 117216 - -260?
117476
In base 4, what is 1033130 + 111323?
1211113
In base 14, what is -1d4228 - -11?
-1d4217
In base 8, what is 4 + -216553445?
-216553441
In base 12, what is -479 + -4a361?
-4a81a
In base 11, what is 181251185 - -3?
181251188
In base 13, what is 55b00 + 236b?
5816b
In base 15, what is -3 + -b81643?
-b81646
In base 5, what is -412410 + 13020?
-344340
In base 5, what is -2 - -142324240301?
142324240244
In base 4, what is 22 - -232100023031?
232100023113
In base 3, what is -12 - -1012210212101101?
1012210212101012
In base 8, what is 37157401 + 227?
37157630
In base 12, what is 183842 - -754?
184396
In base 3, what is -1 + -100201112121012?
-100201112121020
In base 15, what is -3d2b - -5a53?
1c27
In base 9, what is 1077534805 + 0?
1077534805
In base 10, what is 12 - -11834092?
11834104
In b